{"id":350,"date":"2014-05-08T07:01:24","date_gmt":"2014-05-08T06:01:24","guid":{"rendered":"http:\/\/www.erikdelos.fr\/blog\/?page_id=350"},"modified":"2018-03-24T20:49:43","modified_gmt":"2018-03-24T19:49:43","slug":"ours-friends","status":"publish","type":"page","link":"http:\/\/www.erikdelos.fr\/blog\/?page_id=350","title":{"rendered":"Ours &#038; Friends"},"content":{"rendered":"<p>Un petite page pour informer de l&rsquo;actualit\u00e9 musicale d&rsquo;<em><strong>Ours<\/strong><\/em>, <em><strong>Lieutenant Nicholson<\/strong><\/em> et <em><strong>DjeuhDjoah<\/strong><\/em>. Juste parce que j&rsquo;aime beaucoup ces trois artistes au grand talent et humainement tr\u00e8s int\u00e9ressants. Surtout n&rsquo;h\u00e9sitez pas \u00e0 vous procurer leurs albums, \u00e0 aller les voir en concert&#8230; Bonne \u00e9coute.<br \/>\nAmiti\u00e9s.<\/p>\n<p style=\"text-align: right;\"><em><strong>Erik<\/strong><\/em><\/p>\n<p><em><strong>Lieutenant Nicholson<\/strong><\/em> et <em><strong>DjeuhDjoah<\/strong><\/em>.<br \/>\nEncore un grand moment de bonheur&#8230;<br \/>\nVendredi 16 Mai au studio de l&rsquo;Ermitage 75020 Paris ! Du tr\u00e8s bon groove en perspective.<\/p>\n<p><a href=\"http:\/\/www.erikdelos.fr\/blog\/wp-content\/uploads\/2014\/04\/separateur.png\"><img decoding=\"async\" class=\"aligncenter  wp-image-122 lazyload\" data-src=\"http:\/\/www.erikdelos.fr\/blog\/wp-content\/uploads\/2014\/04\/separateur.png\" alt=\"separateur\" width=\"113\" height=\"58\" data-srcset=\"http:\/\/www.erikdelos.fr\/blog\/wp-content\/uploads\/2014\/04\/separateur.png 768w, http:\/\/www.erikdelos.fr\/blog\/wp-content\/uploads\/2014\/04\/separateur-300x154.png 300w\" data-sizes=\"(max-width: 113px) 100vw, 113px\" src=\"data:image\/svg+xml;base64,PHN2ZyB3aWR0aD0iMSIgaGVpZ2h0PSIxIiB4bWxucz0iaHR0cDovL3d3dy53My5vcmcvMjAwMC9zdmciPjwvc3ZnPg==\" style=\"--smush-placeholder-width: 113px; --smush-placeholder-aspect-ratio: 113\/58;\" \/><\/a><\/p>\n<p><em><strong>Lieutenant Nicholson<\/strong><\/em> et <em><strong>DjeuhDjoah<\/strong><\/em>.<br \/>\nDimanche 11 Mai , cela va \u00eatre formidable !<br \/>\nIls jouent au jazz brunch du R\u00e9servoir ( 16 rue de La Forge Royale Paris XI).<br \/>\n2 sets ( 12H 30 &amp; 14 H 45) de chansons afrop\u00e9\u00e8nnes entour\u00e9es de brownies<\/p>\n<p>Courez-y si vous \u00eates dans le coin&#8230;<\/p>\n","protected":false},"excerpt":{"rendered":"<p>Un petite page pour informer de l&rsquo;actualit\u00e9 musicale d&rsquo;Ours, Lieutenant Nicholson et DjeuhDjoah. Juste parce que j&rsquo;aime beaucoup ces trois artistes au grand talent et humainement tr\u00e8s int\u00e9ressants. Surtout n&rsquo;h\u00e9sitez pas \u00e0 vous procurer leurs albums, \u00e0 aller les voir &hellip; <a href=\"http:\/\/www.erikdelos.fr\/blog\/?page_id=350\">Continuer la lecture <span class=\"meta-nav\">&rarr;<\/span><\/a><\/p>\n","protected":false},"author":1,"featured_media":393,"parent":447,"menu_order":0,"comment_status":"open","ping_status":"closed","template":"","meta":{"_bbp_topic_count":0,"_bbp_reply_count":0,"_bbp_total_topic_count":0,"_bbp_total_reply_count":0,"_bbp_voice_count":0,"_bbp_anonymous_reply_count":0,"_bbp_topic_count_hidden":0,"_bbp_reply_count_hidden":0,"_bbp_forum_subforum_count":0,"footnotes":""},"class_list":["post-350","page","type-page","status-publish","has-post-thumbnail","hentry"],"_links":{"self":[{"href":"http:\/\/www.erikdelos.fr\/blog\/index.php?rest_route=\/wp\/v2\/pages\/350","targetHints":{"allow":["GET"]}}],"collection":[{"href":"http:\/\/www.erikdelos.fr\/blog\/index.php?rest_route=\/wp\/v2\/pages"}],"about":[{"href":"http:\/\/www.erikdelos.fr\/blog\/index.php?rest_route=\/wp\/v2\/types\/page"}],"author":[{"embeddable":true,"href":"http:\/\/www.erikdelos.fr\/blog\/index.php?rest_route=\/wp\/v2\/users\/1"}],"replies":[{"embeddable":true,"href":"http:\/\/www.erikdelos.fr\/blog\/index.php?rest_route=%2Fwp%2Fv2%2Fcomments&post=350"}],"version-history":[{"count":4,"href":"http:\/\/www.erikdelos.fr\/blog\/index.php?rest_route=\/wp\/v2\/pages\/350\/revisions"}],"predecessor-version":[{"id":406,"href":"http:\/\/www.erikdelos.fr\/blog\/index.php?rest_route=\/wp\/v2\/pages\/350\/revisions\/406"}],"up":[{"embeddable":true,"href":"http:\/\/www.erikdelos.fr\/blog\/index.php?rest_route=\/wp\/v2\/pages\/447"}],"wp:featuredmedia":[{"embeddable":true,"href":"http:\/\/www.erikdelos.fr\/blog\/index.php?rest_route=\/wp\/v2\/media\/393"}],"wp:attachment":[{"href":"http:\/\/www.erikdelos.fr\/blog\/index.php?rest_route=%2Fwp%2Fv2%2Fmedia&parent=350"}],"curies":[{"name":"wp","href":"https:\/\/api.w.org\/{rel}","templated":true}]}}