{"id":693,"date":"2022-11-09T14:49:58","date_gmt":"2022-11-09T13:49:58","guid":{"rendered":"http:\/\/www.erikdelos.fr\/blog\/?page_id=693"},"modified":"2022-11-11T19:19:38","modified_gmt":"2022-11-11T18:19:38","slug":"veille-technologique","status":"publish","type":"page","link":"http:\/\/www.erikdelos.fr\/blog\/?page_id=693","title":{"rendered":"Veille technologique"},"content":{"rendered":"\n<p class=\"has-text-color\" style=\"color:#279d31\"><strong>Se cultiver<\/strong><\/p>\n\n\n\n<p><a rel=\"noreferrer noopener\" href=\"https:\/\/www.qqf.fr\" target=\"_blank\"><strong>Qu&rsquo;est-ce qu&rsquo;on fait ?<\/strong><\/a><\/p>\n\n\n\n<h1 class=\"wp-block-heading\">Qu&rsquo;est-ce que c&rsquo;est ?<\/h1>\n\n\n\n<p>Qqf est un m\u00e9dia qui r\u00e9pond \u00e0 cette question qui nous taraude face aux grands enjeux plan\u00e9taires d&rsquo;aujourd&rsquo;hui et demain. Environnement, alimentation, consommation, sant\u00e9, traitement des animaux, probl\u00e9matiques soci\u00e9tales&#8230; Des sujets dont on parle beaucoup mais que nous, citoyens, peinons souvent \u00e0 synth\u00e9tiser, \u00e0 comprendre et surtout \u00e0 relier \u00e0 notre quotidien pour agir de mani\u00e8re concr\u00e8te.<\/p>\n\n\n\n<p>D\u00e8s sa cr\u00e9ation en 2015, Qqf cr\u00e9\u00e9 des infographies pour une information \u00e0 la fois pr\u00e9cise et ludique. Les infographies sont syst\u00e9matiquement compos\u00e9es d&rsquo;un premier volet de d\u00e9cryptage, puis d&rsquo;un second qui r\u00e9pond \u00e0 la question \u00ab\u00a0Qu&rsquo;est-ce qu&rsquo;on fait ?!\u00a0\u00bb avec des solutions et des alternatives concr\u00e8tes au probl\u00e8me abord\u00e9.<\/p>\n\n\n\n<p class=\"has-text-align-right\"><strong>Bonne lecture<\/strong><\/p>\n\n\n\n<p class=\"has-text-color\" style=\"color:#a114b4\"><strong>S&rsquo;informer<\/strong><\/p>\n\n\n\n<p>Toutes les actualit\u00e9s technologiques et scientifiques sur <a rel=\"noreferrer noopener\" href=\"https:\/\/www.futura-sciences.com\/tech\/technologie\/actualites\/\" target=\"_blank\"><strong>Futura-Sciences<\/strong><\/a>.<\/p>\n\n\n\n<p>Des informations plus g\u00e9n\u00e9ralistes <a href=\"https:\/\/www.geekjunior.fr\/\" target=\"_blank\" rel=\"noreferrer noopener\"><strong>GeekJunior<\/strong><\/a>.<br><\/p>\n","protected":false},"excerpt":{"rendered":"<p>Se cultiver Qu&rsquo;est-ce qu&rsquo;on fait ? Qu&rsquo;est-ce que c&rsquo;est ? Qqf est un m\u00e9dia qui r\u00e9pond \u00e0 cette question qui nous taraude face aux grands enjeux plan\u00e9taires d&rsquo;aujourd&rsquo;hui et demain. Environnement, alimentation, consommation, sant\u00e9, traitement des animaux, probl\u00e9matiques soci\u00e9tales&#8230; Des &hellip; <a href=\"http:\/\/www.erikdelos.fr\/blog\/?page_id=693\">Continuer la lecture <span class=\"meta-nav\">&rarr;<\/span><\/a><\/p>\n","protected":false},"author":1,"featured_media":0,"parent":0,"menu_order":0,"comment_status":"closed","ping_status":"closed","template":"","meta":{"_bbp_topic_count":0,"_bbp_reply_count":0,"_bbp_total_topic_count":0,"_bbp_total_reply_count":0,"_bbp_voice_count":0,"_bbp_anonymous_reply_count":0,"_bbp_topic_count_hidden":0,"_bbp_reply_count_hidden":0,"_bbp_forum_subforum_count":0,"footnotes":""},"class_list":["post-693","page","type-page","status-publish","hentry"],"_links":{"self":[{"href":"http:\/\/www.erikdelos.fr\/blog\/index.php?rest_route=\/wp\/v2\/pages\/693","targetHints":{"allow":["GET"]}}],"collection":[{"href":"http:\/\/www.erikdelos.fr\/blog\/index.php?rest_route=\/wp\/v2\/pages"}],"about":[{"href":"http:\/\/www.erikdelos.fr\/blog\/index.php?rest_route=\/wp\/v2\/types\/page"}],"author":[{"embeddable":true,"href":"http:\/\/www.erikdelos.fr\/blog\/index.php?rest_route=\/wp\/v2\/users\/1"}],"replies":[{"embeddable":true,"href":"http:\/\/www.erikdelos.fr\/blog\/index.php?rest_route=%2Fwp%2Fv2%2Fcomments&post=693"}],"version-history":[{"count":6,"href":"http:\/\/www.erikdelos.fr\/blog\/index.php?rest_route=\/wp\/v2\/pages\/693\/revisions"}],"predecessor-version":[{"id":726,"href":"http:\/\/www.erikdelos.fr\/blog\/index.php?rest_route=\/wp\/v2\/pages\/693\/revisions\/726"}],"wp:attachment":[{"href":"http:\/\/www.erikdelos.fr\/blog\/index.php?rest_route=%2Fwp%2Fv2%2Fmedia&parent=693"}],"curies":[{"name":"wp","href":"https:\/\/api.w.org\/{rel}","templated":true}]}}